se -168*s + 4292609 = -1429135. List the prime factors of s.
2, 17029
Suppose 235 = s + s + t, -2*s + 250 = -2*t. Suppose -55 = -4*k - 3*g - 6, -g = -7*k + 92. Suppose 0 = k*i - s - 192. List the prime factors of i.
2, 3
Let i(s) be the first derivative of 13*s**4/4 - 4*s**3/3 + s**2/2 + 7*s - 66. What are the prime factors of i(3)?
5, 13
Suppose -5*f = 3*t + 13, -f = -3*t + f + 22. Suppose -5*m + 1308 = t*c - 3*m, 0 = 3*c + m - 982. What are the prime factors of c?
2, 41
What are the prime factors of -5*84/(-35) - -5945?
7, 23, 37
Let v(z) = 934*z - 2511. What are the prime factors of v(28)?
47, 503
Let f be 1/(-2) + (-4)/16*-2. Suppose -h = -f*h + 5*b - 207, 5*b - 873 = -4*h. What are the prime factors of h?
2, 3, 37
Let f(h) = 33*h**2 - 8*h - 13. Let k(o) = -65*o**2 + 16*o + 27. Let x(u) = -5*f(u) - 3*k(u). What are the prime factors of x(-4)?
2, 31
Let f = 99 + -60. Suppose 0 = f*y - 25523 - 880. List the prime factors of y.
677
Let l(k) = -k - 3. Let m be l(-6). List the prime factors of 19 + 0*m/(-9).
19
Let w(l) = -18*l**3 - 2*l**2 - 3*l + 5. Let g(i) = 4*i**2 + 33*i + 10. Let m be g(-8). Let d be w(m). List the prime factors of d/18*(-20 + 2).
3, 17
Let q be 36/(-126) - (-480)/14. Suppose -q + 19 = -5*y. Suppose 4*h - 4*g - 396 = 0, g - 253 = -y*h + 24. What are the prime factors of h?
2, 47
Let o = -1 - -3. Suppose -o*y + 69 = 5*l - 35, 5*l = 3*y - 181. What are the prime factors of y?
3, 19
Suppose 6 = -3*c + 15. Let b(u) = 24 - 9*u + 8*u - u - 11*u**2 - 3*u**3 + 2*u**c. What are the prime factors of b(-11)?
2, 23
Let z be (-6)/(((-4)/(-3))/((-8)/(-12))). List the prime factors of (-28260)/(-120) - z*(-2)/4.
2, 3, 13
What are the prime factors of 8*42094/13 - (-4 + -3)?
3, 2879
Let v = -891 + -134. List the prime factors of (v/10 + 2)*8/(-6).
2, 67
Suppose v - 4950 = 5*y, 7*y = -3*v + 3*y + 14812. What are the prime factors of v?
2, 5, 13, 19
Suppose 4*b - 8 = 4, g - 5*b = -10. Suppose 0 = 2*w - g*s - 3140, 0 = -27*w + 25*w + 3*s + 3148. What are the prime factors of w?
2, 5, 79
Let k(i) = -2*i**2 - 15*i + 11. Let a be k(-8). Suppose -5*s + a*j + 352 = -4*s, 4*s = -4*j + 1456. What are the prime factors of s?
19
Let p be (0/(3/3))/(1 - 2). Suppose -3*u + 2220 = -p*u - 3*f, 5*u - 3708 = 3*f. What are the prime factors of u?
2, 3, 31
Let w = -65 - -67. Suppose -4*m - j + 1948 = 0, -m + w*j + 487 = -0*m. Suppose 5 = -3*y + 2, -4*y - m = -3*f. List the prime factors of f.
7, 23
Let c be 5/(-20) + (-441)/(-36). Suppose 0 = t + 5*u - 1074, -5*t = -c*u + 7*u - 5220. What are the prime factors of t?
1049
Let j = 129445 + -68034. What are the prime factors of j?
7, 31, 283
Suppose 6*w - 21 = 21. Suppose -3*q + 2183 = 5*b - w*q, -9 = -3*q. List the prime factors of b.
439
Let y(g) be the second derivative of -6*g**5/5 - 5*g**4/12 + 2*g**3/3 + 12*g**2 - 13*g + 8. What are the prime factors of y(-3)?
3, 5, 41
Let d(x) = -76*x + 8 - 11 - 116*x - 4. What are the prime factors of d(-2)?
13, 29
Let l(d) = 1154*d**3 - 3*d**2 + 24*d - 47. What are the prime factors of l(2)?
9221
Suppose -5*k - 20 = 0, g = -0*g - 3*k + 1224. Suppose 222 - g = -3*d. List the prime factors of d.
2, 13
Suppose 0 = -81*r + 71*r + 30190. Suppose 823 - r = -4*j. List the prime factors of j.
3, 61
Let g = 417 - 227. Let l = 235 - g. What are the prime factors of l?
3, 5
Suppose 5*d = 5*v - 17220, v + 25*d - 3474 = 20*d. What are the prime factors of v?
3449
Suppose 0*a = -5*a - 3*c + 1983, -5*c = 20. Let t = -237 + a. Suppose 4*s = -3*m - 121 + 445, -m - t = -2*s. List the prime factors of s.
3
Suppose 2630914 = 84*k - 1201586. List the prime factors of k.
5, 73
Suppose 5*n - 6*n + 4 = 0, -3*n + 56 = 4*o. Suppose -o*z + 2704 = -783. List the prime factors of z.
317
Let z = -2731 + 5319. What are the prime factors of z?
2, 647
Let g = 3 - -16. Let l = g + -23. Let q(p) = -13*p - 1. What are the prime factors of q(l)?
3, 17
Let r = -105 - 47. Let d = r - -483. List the prime factors of d.
331
Suppose 6*o = c + 10*o + 457, o - 1862 = 4*c. Let v = c - -1185. List the prime factors of v.
2, 3, 5
Suppose -69576 = -4*o + 4*z, -5*z = 34*o - 33*o - 17388. What are the prime factors of o?
17393
Let r = 18 + -30. Let x be (r/16 + 3)*(7 - 3). Suppose 0 = -x*n + 11*n - 218. List the prime factors of n.
109
Suppose 2*m + 0*w + 3*w + 102 = 0, -4 = -2*w. Let k be (m/(-21))/(6/28). List the prime factors of (-1180)/(-6) + (-32)/k + 3.
197
Let y(v) = 40466*v + 92 - 19 - 40523*v. List the prime factors of y(-12).
757
Let l(i) = -15*i**3 + 2*i + 1. Let u be l(-1). Let c(y) = y**2 + 12 + 11 - 3 + u*y. List the prime factors of c(-16).
2, 13
Let h = 59 + -55. Let b be (0 - 2)/2*h. Let c(u) = -u**3 - u**2 - 9*u - 7. List the prime factors of c(b).
7, 11
Let m(a) = -5*a - 358. Let o(c) = 3*c + 180. Let j(y) = 2*m(y) + 5*o(y). List the prime factors of j(-23).
3, 23
Suppose -55897 + 142270 = 23*q - 105033. What are the prime factors of q?
2, 3, 19, 73
Suppose -3*n = -u + 7329, 6*u = 4*u - 3*n + 14658. What are the prime factors of u?
3, 7, 349
Let k(p) = 104*p**2 + 104*p + 605. List the prime factors of k(-9).
8093
List the prime factors of (-24)/3*((-179316)/(-96))/(3/(-2)).
2, 17, 293
Let w(d) = 10*d**3 - 5*d + 4. Let a be w(1). List the prime factors of 15/a - (167024/12)/(-11).
7, 181
Let s(w) = -4*w**3 + 12*w**2 + 9*w - 3. Let u be s(-1). Suppose -3*b = 4*q - 519, -u*q = 2*b + 2*b - 696. List the prime factors of b.
3, 59
What are the prime factors of (35/(-140) - 14/8) + -6 - -51768?
2, 5, 647
Suppose -y + 4*t = -0*t - 18, -3*y + 2 = t. What are the prime factors of 15/((-15)/(-64)) - (y - -2)?
2, 3, 5
Let l = 7037 + 10939. What are the prime factors of l?
2, 3, 7, 107
Let x(h) = 357*h**2 + 10*h + 6. Let j be x(-2). Suppose 7*n - 2*u = 6*n + j, 2*u = -2*n + 2828. What are the prime factors of n?
2, 7, 101
Let o = 1928 - -85. Suppose -673 - 1337 = -3*x + 5*z, 3*x - o = 4*z. What are the prime factors of x?
3, 5
Let p(j) be the second derivative of j**2 + 0 - 3*j**3 - 3/2*j**4 - 1/20*j**5 - 16*j. List the prime factors of p(-17).
19
Suppose -5*m - 2*n = -1579, 2*n = -n - 9. Let x = m - -66. List the prime factors of x.
383
Let o = 55 - 51. Suppose -1824 = -4*q + o*r, 0 = -q - 3*r + 7*r + 462. What are the prime factors of q?
2, 227
Suppose -1286 - 899 = -19*u. Let n = u - -206. What are the prime factors of n?
3, 107
Suppose 800992 + 1569460 = 85*z - 782113. List the prime factors of z.
3, 13, 317
What are the prime factors of -2 + -1 - (-6252 + -3) - 60/(-15)?
2, 17, 23
Let r(i) = -414*i + 7859. What are the prime factors of r(-73)?
113, 337
Let h be (6/(-5))/((-9)/15). Let g(l) = 8 - 7*l + 2*l + l + h*l. What are the prime factors of g(0)?
2
Let y(o) = 4*o**2 - 87*o - 249. What are the prime factors of y(-24)?
3, 1381
Let g be -6 - (-2 - 3) - -2. List the prime factors of (1/g)/4 - 2118/(-8).
5, 53
Suppose 3*a + w = 260, -a + 3*a + w = 173. Suppose -8*l - a = -3247. List the prime factors of l.
5, 79
List the prime factors of 21/(((-4)/(-14))/(606108/742)).
3, 7, 953
Let g(a) = -a**2 - 21*a - 35. Let o = -11 + -5. Let f be g(o). Suppose -u + 30 = -f. What are the prime factors of u?
3, 5
Let l be (-1)/8 - (5 - 219920/128). Let i = -225 + l. List the prime factors of i.
2, 3, 31
Let n = -465 + 487. Let v(c) = -c**2 + 53*c - 25. List the prime factors of v(n).
3, 73
What are the prime factors of (-3 - 37118/3)/(288/(-864))?
137, 271
Let z = 2686 + -112. What are the prime factors of z?
2, 3, 11, 13
Let c(l) = -50*l**2 + 3030*l - 48. List the prime factors of c(50).
2, 17, 389
Suppose -4 = 4*c, 24*g - 27*g + 9611 = c. What are the prime factors of g?
2, 3, 89
What are the prime factors of 20 - -130 - (0 + 9)?
3, 47
Let z(r) = -48*r. Suppose -57 = 6*s - 21. Let a be z(s). Suppose -4 = y + y, -4*h - 2*y = -a. What are the prime factors of h?
73
Let s be 327*(-6)/54*-3. Let k = s + -72. What are the prime factors of k?
37
Let m(p) = -2*p**3 - 7*p**2 + 109*p + 47. What are the prime factors of m(-19)?
89, 103
Let q(y) = -17*y**3 - 2*y**2 - y + 2. Suppose 3*t - 8 + 4 = -u, -t = u - 2. Let k be q(u). What are the prime factors of (-1)/k*4 + (-3484)/(-36)?
97
Suppose 0 = -3*v + 3*f + 24, -14 - 14 = -3*v + 5*f. Let s be 3*((-4)/4 + 394/v). Let y = s - 86. List the prime factors of y.
2, 3
Let d = 185